hen 4238 is divided by 53.
51
Calculate the remainder when 12646 is divided by 22.
18
What is the remainder when 311596 is divided by 38?
34
Calculate the remainder when 53402 is divided by 1907.
6
What is the remainder when 177644 is divided by 195?
194
What is the remainder when 6434 is divided by 619?
244
Calculate the remainder when 27753 is divided by 90.
33
Calculate the remainder when 408495 is divided by 206.
203
What is the remainder when 2855164 is divided by 15?
4
Calculate the remainder when 15237 is divided by 176.
101
What is the remainder when 3959 is divided by 305?
299
Calculate the remainder when 10013 is divided by 97.
22
What is the remainder when 6902 is divided by 539?
434
Calculate the remainder when 219 is divided by 139.
80
Calculate the remainder when 7073 is divided by 92.
81
Calculate the remainder when 865643 is divided by 156.
155
Calculate the remainder when 12795 is divided by 1931.
1209
What is the remainder when 79050 is divided by 183?
177
What is the remainder when 54686 is divided by 217?
2
What is the remainder when 10080 is divided by 9992?
88
What is the remainder when 39808 is divided by 39781?
27
Calculate the remainder when 675 is divided by 59.
26
Calculate the remainder when 89276 is divided by 48.
44
What is the remainder when 46321 is divided by 21?
16
What is the remainder when 596 is divided by 508?
88
What is the remainder when 2388 is divided by 598?
594
What is the remainder when 12984 is divided by 711?
186
Calculate the remainder when 1778 is divided by 244.
70
What is the remainder when 1719 is divided by 243?
18
What is the remainder when 1379 is divided by 274?
9
What is the remainder when 20912 is divided by 13?
8
What is the remainder when 13018 is divided by 465?
463
Calculate the remainder when 4078 is divided by 1257.
307
Calculate the remainder when 7381 is divided by 107.
105
Calculate the remainder when 2078 is divided by 276.
146
Calculate the remainder when 1171 is divided by 136.
83
Calculate the remainder when 946444 is divided by 26.
18
Calculate the remainder when 529 is divided by 217.
95
What is the remainder when 175247 is divided by 58415?
2
What is the remainder when 1732 is divided by 433?
0
What is the remainder when 13521 is divided by 4477?
90
Calculate the remainder when 1657087 is divided by 128.
127
Calculate the remainder when 644 is divided by 133.
112
Calculate the remainder when 70799 is divided by 35390.
19
Calculate the remainder when 11936 is divided by 1085.
1
What is the remainder when 24988 is divided by 8?
4
Calculate the remainder when 10138 is divided by 338.
336
Calculate the remainder when 23753 is divided by 7912.
17
Calculate the remainder when 1941 is divided by 957.
27
Calculate the remainder when 36460 is divided by 112.
60
What is the remainder when 12590 is divided by 498?
140
What is the remainder when 121119 is divided by 54?
51
What is the remainder when 3405 is divided by 142?
139
What is the remainder when 15251 is divided by 14954?
297
Calculate the remainder when 456357 is divided by 228177.
3
Calculate the remainder when 30799 is divided by 162.
19
Calculate the remainder when 1164 is divided by 170.
144
What is the remainder when 398005 is divided by 16?
5
Calculate the remainder when 7259 is divided by 584.
251
Calculate the remainder when 7171 is divided by 155.
41
Calculate the remainder when 898 is divided by 17.
14
Calculate the remainder when 124130 is divided by 51.
47
What is the remainder when 34337 is divided by 11322?
371
What is the remainder when 10765 is divided by 61?
29
Calculate the remainder when 6544 is divided by 308.
76
What is the remainder when 101862 is divided by 50919?
24
What is the remainder when 1334731 is divided by 52?
47
What is the remainder when 1155391 is divided by 530?
521
What is the remainder when 59865 is divided by 640?
345
What is the remainder when 7204 is divided by 358?
44
Calculate the remainder when 58393 is divided by 3645.
73
What is the remainder when 2512 is divided by 2445?
67
Calculate the remainder when 548285 is divided by 25.
10
What is the remainder when 3450 is divided by 247?
239
Calculate the remainder when 29087 is divided by 4154.
9
Calculate the remainder when 63864 is divided by 53.
52
Calculate the remainder when 379562 is divided by 31.
29
Calculate the remainder when 3188 is divided by 992.
212
What is the remainder when 6318 is divided by 117?
0
What is the remainder when 14670 is divided by 225?
45
What is the remainder when 295925 is divided by 210?
35
Calculate the remainder when 111864 is divided by 5593.
4
Calculate the remainder when 19037 is divided by 6185.
482
Calculate the remainder when 31493 is divided by 350.
343
What is the remainder when 143225 is divided by 96?
89
What is the remainder when 11845 is divided by 1688?
29
What is the remainder when 2955 is divided by 879?
318
What is the remainder when 123045 is divided by 61518?
9
Calculate the remainder when 24188 is divided by 84.
80
What is the remainder when 11423 is divided by 17?
16
What is the remainder when 52694 is divided by 266?
26
Calculate the remainder when 551307 is divided by 10.
7
Calculate the remainder when 4641 is divided by 4140.
501
Calculate the remainder when 13291 is divided by 4388.
127
Calculate the remainder when 319 is divided by 79.
3
What is the remainder when 32309 is divided by 808?
797
Calculate the remainder when 28788 is divided by 872.
12
What is the remainder when 1570 is divided by 1547?
23
What is the remainder when 181111 is divided by 43?
38
Calculate the remainder when 3598 is divided by 241.
224
What is the remainder when 4030 is divided by 34?
18
What is the remainder when 7718 is divided by 4?
2
Calculate the remainder when 11178 is divided by 112.
90
Calculate the remainder when 1202 is divided by 570.
62
What is the remainder when 2891 is divided by 620?
411
Calculate the remainder when 63325 is divided by 7035.
10
What is the remainder when 5803 is divided by 2881?
41
Calculate the remainder when 1210 is divided by 244.
234
What is the remainder when 110412 is divided by 433?
430
Calculate the remainder when 2282 is divided by 35.
7
Calculate the remainder when 74553 is divided by 114.
111
Calculate the remainder when 1323 is divided by 78.
75
What is the remainder when 186336 is divided by 28?
24
Calculate the remainder when 254159 is divided by 6.
5
What is the remainder when 52661 is divided by 154?
147
Calculate the remainder when 14101 is divided by 108.
61
Calculate the remainder when 573 is divided by 34.
29
Calculate the remainder when 475749 is divided by 173.
172
What is the remainder when 38758 is divided by 68?
66
Calculate the remainder when 5052 is divided by 24.
12
Calculate the remainder when 43989 is divided by 43975.
14
What is the remainder when 1049 is divided by 311?
116
What is the remainder when 4793 is divided by 2384?
25
What is the remainder when 1688 is divided by 1686?
2
What is the remainder when 2623 is divided by 650?
23
Calculate the remainder when 10485 is divided by 65.
20
What is the remainder when 102485 is divided by 267?
224
Calculate the remainder when 17373 is divided by 4340.
13
What is the remainder when 1052696 is divided by 491?
483
What is the remainder when 4054 is divided by 52?
50
What is the remainder when 137196 is divided by 196?
192
What is the remainder when 58752 is divided by 148?
144
Calculate the remainder when 152833 is divided by 9.
4
What is the remainder when 1963 is divided by 905?
153
What is the remainder when 1870 is divided by 679?
512
Calculate the remainder when 58785 is divided by 213.
210
What is the remainder when 58246 is divided by 670?
626
Calculate the remainder when 2602 is divided by 174.
166
Calculate the remainder when 1250664 is divided by 191.
187
What is the remainder when 16378 is divided by 273?
271
What is the remainder when 545 is divided by 122?
57
Calculate the remainder when 115977 is divided by 30.
27
Calculate the remainder when 10555 is divided by 42.
13
Calculate the remainder when 26884 is divided by 69.
43
Calculate the remainder when 522 is divided by 118.
50
Calculate the remainder when 10211 is divided by 3394.
29
Calculate the remainder when 16979 is 